is divided by 36.
23
Calculate the remainder when 93 is divided by 10.
3
Calculate the remainder when 2378 is divided by 34.
32
What is the remainder when 350 is divided by 124?
102
What is the remainder when 729 is divided by 61?
58
Calculate the remainder when 93 is divided by 59.
34
What is the remainder when 1214 is divided by 23?
18
What is the remainder when 183 is divided by 49?
36
What is the remainder when 17 is divided by 7?
3
Calculate the remainder when 1334 is divided by 332.
6
What is the remainder when 112 is divided by 24?
16
What is the remainder when 3467 is divided by 68?
67
Calculate the remainder when 7315 is divided by 26.
9
What is the remainder when 514 is divided by 62?
18
Calculate the remainder when 79 is divided by 19.
3
What is the remainder when 179 is divided by 30?
29
What is the remainder when 337 is divided by 9?
4
Calculate the remainder when 446 is divided by 28.
26
Calculate the remainder when 2497 is divided by 51.
49
What is the remainder when 262 is divided by 44?
42
Calculate the remainder when 436 is divided by 73.
71
What is the remainder when 50 is divided by 8?
2
What is the remainder when 526 is divided by 53?
49
Calculate the remainder when 34 is divided by 11.
1
What is the remainder when 434 is divided by 55?
49
Calculate the remainder when 1913 is divided by 953.
7
Calculate the remainder when 115 is divided by 56.
3
What is the remainder when 7844 is divided by 109?
105
Calculate the remainder when 251 is divided by 92.
67
Calculate the remainder when 117 is divided by 95.
22
Calculate the remainder when 844 is divided by 272.
28
Calculate the remainder when 2307 is divided by 66.
63
What is the remainder when 77 is divided by 18?
5
Calculate the remainder when 428 is divided by 24.
20
What is the remainder when 60 is divided by 6?
0
What is the remainder when 195 is divided by 12?
3
What is the remainder when 145 is divided by 58?
29
Calculate the remainder when 12319 is divided by 80.
79
Calculate the remainder when 285 is divided by 17.
13
What is the remainder when 7596 is divided by 58?
56
What is the remainder when 1302 is divided by 57?
48
What is the remainder when 1020 is divided by 88?
52
Calculate the remainder when 597 is divided by 31.
8
Calculate the remainder when 130 is divided by 3.
1
Calculate the remainder when 36 is divided by 15.
6
Calculate the remainder when 501 is divided by 15.
6
Calculate the remainder when 29 is divided by 18.
11
Calculate the remainder when 1724 is divided by 36.
32
Calculate the remainder when 213 is divided by 24.
21
Calculate the remainder when 890 is divided by 267.
89
Calculate the remainder when 54 is divided by 38.
16
Calculate the remainder when 389 is divided by 65.
64
What is the remainder when 353 is divided by 81?
29
Calculate the remainder when 206 is divided by 105.
101
What is the remainder when 48 is divided by 22?
4
Calculate the remainder when 1423 is divided by 51.
46
Calculate the remainder when 781 is divided by 371.
39
Calculate the remainder when 400 is divided by 81.
76
What is the remainder when 5557 is divided by 109?
107
Calculate the remainder when 141 is divided by 24.
21
What is the remainder when 250 is divided by 15?
10
Calculate the remainder when 683 is divided by 12.
11
Calculate the remainder when 1634 is divided by 109.
108
What is the remainder when 105 is divided by 28?
21
What is the remainder when 5919 is divided by 31?
29
What is the remainder when 50 is divided by 7?
1
What is the remainder when 347 is divided by 39?
35
Calculate the remainder when 301 is divided by 101.
99
What is the remainder when 33022 is divided by 128?
126
What is the remainder when 284 is divided by 69?
8
Calculate the remainder when 359 is divided by 30.
29
Calculate the remainder when 74 is divided by 38.
36
What is the remainder when 691 is divided by 215?
46
What is the remainder when 2207 is divided by 34?
31
Calculate the remainder when 143 is divided by 53.
37
What is the remainder when 4819 is divided by 53?
49
What is the remainder when 22 is divided by 8?
6
Calculate the remainder when 138 is divided by 29.
22
What is the remainder when 67 is divided by 40?
27
Calculate the remainder when 59 is divided by 6.
5
What is the remainder when 32 is divided by 13?
6
Calculate the remainder when 13 is divided by 3.
1
Calculate the remainder when 2344 is divided by 18.
4
What is the remainder when 582 is divided by 3?
0
What is the remainder when 509 is divided by 16?
13
What is the remainder when 17 is divided by 7?
3
What is the remainder when 128 is divided by 20?
8
Calculate the remainder when 1844 is divided by 45.
44
Calculate the remainder when 546 is divided by 261.
24
Calculate the remainder when 574 is divided by 23.
22
Calculate the remainder when 168 is divided by 79.
10
Calculate the remainder when 1162 is divided by 321.
199
Calculate the remainder when 143 is divided by 13.
0
What is the remainder when 8676 is divided by 4?
0
Calculate the remainder when 52 is divided by 51.
1
What is the remainder when 98 is divided by 63?
35
What is the remainder when 52 is divided by 14?
10
What is the remainder when 3350 is divided by 1113?
11
What is the remainder when 320 is divided by 7?
5
Calculate the remainder when 3734 is divided by 38.
10
Calculate the remainder when 277 is divided by 94.
89
Calculate the remainder when 754 is divided by 129.
109
What is the remainder when 323 is divided by 313?
10
What is the remainder when 502 is divided by 16?
6
Calculate the remainder when 7427 is divided by 12.
11
What is the remainder when 260 is divided by 133?
127
What is the remainder when 39 is divided by 14?
11
Calculate the remainder when 72 is divided by 19.
15
What is the remainder when 86 is divided by 4?
2
Calculate the remainder when 690 is divided by 212.
54
Calculate the remainder when 349 is divided by 62.
39
Calculate the remainder when 3145 is divided by 35.
30
What is the remainder when 851 is divided by 232?
155
Calculate the remainder when 310 is divided by 72.
22
Calculate the remainder when 42 is divided by 41.
1
What is the remainder when 137 is divided by 37?
26
What is the remainder when 1329 is divided by 135?
114
Calculate the remainder when 2088 is divided by 693.
9
What is the remainder when 6599 is divided by 24?
23
What is the remainder when 301 is divided by 70?
21
Calculate the remainder when 974 is divided by 280.
134
What is the remainder when 198 is divided by 111?
87
Calculate the remainder when 431 is divided by 39.
2
What is the remainder when 784 is divided by 57?
43
Calculate the remainder when 656 is divided by 156.
32
What is the remainder when 1300 is divided by 372?
184
Calculate the remainder when 335 is divided by 88.
71
Calculate the remainder when 10619 is divided by 94.
91
What is the remainder when 17919 is divided by 87?
84
Calculate the remainder when 1295 is divided by 8.
7
Calculate the remainder when 23 is divided by 6.
5
Calculate the remainder when 2707 is divided by 15.
7
What is the remainder when 162 is divided by 43?
33
Calculate the remainder when 65 is divided by 8.
1
Calculate the remainder when 1782 is divided by 47.
43
What is the remainder when 204 is divided by 42?
36
Calculate the remainder when 751 is divided by 91.
23
Calculate the remainder when 1237 is divided by 310.
307
What is the remainder when 282 is divided by 41?
36
Calculate the remainder when 55 is divided by 12.
7
What is the remainder when 1963 is divided by 17?
8
What is the remainder when 2255 is divided by 27?
14
What is the remainder when 187 is divided by 48?
43
What is the remainder when 12141 is divided by 22?
19
What is the remainder when 311 is divided by 27?
14
Calculate the remainder when 302 is divided by 74.
6
Calculate the remainder when 117 is divided by 21.
12
What is the remainder when 392 is divided by 32?
8
What is the remainder when 31 is divided by 16?
15
Calculate the remainder when 271 is divided by 11.
7
Calculate the remainder when 319 is divided by 98.
25
What is the remainder when 37049 is divided by 207?
203
What is the remainder when 305 is divided by 28?
25
Calculate the remainder when 1399 is divided by 175.
174
What is the remainder when 1683 is divided by 837?
9
C